84350?
3
What is the ten thousands digit of 1003413?
0
What is the tens digit of 179355?
5
What is the tens digit of 7666?
6
What is the thousands digit of 8382720?
2
What is the millions digit of 1059132?
1
What is the units digit of 5009350?
0
What is the tens digit of 569402?
0
What is the tens digit of 21732100?
0
What is the tens digit of 197638?
3
What is the hundred thousands digit of 785432?
7
What is the hundred thousands digit of 13742614?
7
What is the hundreds digit of 235795?
7
What is the ten thousands digit of 305034?
0
What is the units digit of 857283?
3
What is the units digit of 28822?
2
What is the tens digit of 494316?
1
What is the units digit of 959121?
1
What is the tens digit of 8188070?
7
What is the units digit of 54875?
5
What is the ten thousands digit of 558405?
5
What is the millions digit of 6386929?
6
What is the hundred thousands digit of 2646425?
6
What is the hundreds digit of 25020403?
4
What is the thousands digit of 539802?
9
What is the hundred thousands digit of 3422827?
4
What is the ten thousands digit of 21983808?
8
What is the hundreds digit of 24087521?
5
What is the thousands digit of 559611?
9
What is the thousands digit of 14419590?
9
What is the hundreds digit of 9434734?
7
What is the hundreds digit of 740915?
9
What is the tens digit of 489755?
5
What is the millions digit of 13421979?
3
What is the hundred thousands digit of 4137623?
1
What is the units digit of 2308747?
7
What is the ten thousands digit of 123259?
2
What is the millions digit of 2808614?
2
What is the thousands digit of 153838?
3
What is the hundreds digit of 2927367?
3
What is the tens digit of 16386163?
6
What is the ten thousands digit of 925853?
2
What is the hundreds digit of 12789402?
4
What is the hundred thousands digit of 9703426?
7
What is the hundred thousands digit of 5579525?
5
What is the ten thousands digit of 114292?
1
What is the tens digit of 3893334?
3
What is the tens digit of 95610?
1
What is the units digit of 2759516?
6
What is the thousands digit of 1023916?
3
What is the thousands digit of 401047?
1
What is the tens digit of 17621915?
1
What is the hundreds digit of 152016?
0
What is the tens digit of 380121?
2
What is the hundreds digit of 5871?
8
What is the units digit of 11696123?
3
What is the thousands digit of 167113?
7
What is the hundreds digit of 9885488?
4
What is the hundreds digit of 40915190?
1
What is the millions digit of 1260310?
1
What is the thousands digit of 23297192?
7
What is the tens digit of 631004?
0
What is the units digit of 2069049?
9
What is the hundred thousands digit of 393186?
3
What is the thousands digit of 153051?
3
What is the tens digit of 796739?
3
What is the hundreds digit of 3160720?
7
What is the tens digit of 252081?
8
What is the millions digit of 4023349?
4
What is the millions digit of 22209967?
2
What is the thousands digit of 2740837?
0
What is the hundreds digit of 4446431?
4
What is the hundreds digit of 1023012?
0
What is the thousands digit of 485734?
5
What is the units digit of 117335?
5
What is the tens digit of 395943?
4
What is the thousands digit of 419003?
9
What is the thousands digit of 1412105?
2
What is the ten thousands digit of 7440302?
4
What is the thousands digit of 166329?
6
What is the millions digit of 5106447?
5
What is the ten thousands digit of 53868?
5
What is the hundred thousands digit of 1343561?
3
What is the units digit of 2483?
3
What is the thousands digit of 122233?
2
What is the hundreds digit of 230128?
1
What is the tens digit of 17111797?
9
What is the tens digit of 279631?
3
What is the millions digit of 25033908?
5
What is the ten thousands digit of 1533441?
3
What is the ten thousands digit of 446471?
4
What is the units digit of 1095638?
8
What is the thousands digit of 1753303?
3
What is the ten thousands digit of 16807744?
0
What is the thousands digit of 586637?
6
What is the thousands digit of 299751?
9
What is the tens digit of 1236985?
8
What is the millions digit of 20480556?
0
What is the units digit of 142020?
0
What is the ten thousands digit of 1439050?
3
What is the tens digit of 354613?
1
What is the hundreds digit of 1667441?
4
What is the hundred thousands digit of 2747992?
7
What is the hundreds digit of 4394082?
0
What is the hundred thousands digit of 30639772?
6
What is the hundred thousands digit of 10433230?
4
What is the thousands digit of 140382?
0
What is the thousands digit of 948521?
8
What is the hundreds digit of 1911817?
8
What is the tens digit of 1911544?
4
What is the tens digit of 179781?
8
What is the millions digit of 6109014?
6
What is the units digit of 77748?
8
What is the ten thousands digit of 4146182?
4
What is the units digit of 16248730?
0
What is the ten thousands digit of 1087074?
8
What is the millions digit of 14793150?
4
What is the units digit of 563401?
1
What is the tens digit of 1231390?
9
What is the hundred thousands digit of 13357284?
3
What is the thousands digit of 585107?
5
What is the tens digit of 887558?
5
What is the ten millions digit of 15102748?
1
What is the millions digit of 10148215?
0
What is the units digit of 182?
2
What is the hundreds digit of 3123365?
3
What is the hundreds digit of 30432218?
2
What is the tens digit of 191275?
7
What is the units digit of 406591?
1
What is the tens digit of 3800944?
4
What is the thousands digit of 675790?
5
What is the ten thousands digit of 604239?
0
What is the hundred thousands digit of 431607?
4
What is the thousands digit of 189180?
9
What is the thousands digit of 6115102?
5
What is the units digit of 288239?
9
What is the ten thousands digit of 125894?
2
What is the thousands digit of 187998?
7
What is the ten millions digit of 23341075?
2
What is the units digit of 4558973?
3
What is the ten thousands digit of 603412?
0
What is the ten thousands digit of 217514?
1
What is the thousands digit of 12311855?
1
What is the tens digit of 3670353?
5
What is the units digit of 18204?
4
What is the hundreds digit of 1119737?
7
What is the ten thousands digit of 79616?
7
What is the hundred thousands digit of 188004?
1
What is the hundred thousands digit of 1385435?
3
What is the hundreds digit of 366330?
3
What is the hundred thousands digit of 1443506?
4
What is the hundreds digit of 7913826?
8
What is the thousands digit of 2814372?
4
What is the hundred thousands digit of 978651?
9
What is the thousands digit of 1266197?
6
What is the hundreds digit of 137545?
5
What is the thousands digit of 4022909?
2
What is the hundred thousands digit of 7413747?
4
What is the hundreds digit of 102037?
0
What is the units digit of 852984?
4
What is the thousands digit of 200533?
0
What is the hundred thousands digit of 470308?
4
What is the units digit of 4660969?
9
What is the tens digit of 58997?
9
What is the hundred thousands digit of 4552619?
5
What is the units digit of 4942560?
0
What is the thousands digit of 3529652?
9
What is the units digit of 2757234?
4
What is the tens digit of 944289?
8
What is the hundreds digit of 88941?
9
What is the ten thousands digit of 627687?
2
What is the millions digit of 1794951?
1
What is the hundred thousands digit of 22063139?
0
What is the ten thousands digit of 278279?
7
What is the tens digit of 307338?
3
What is the tens digit of 596817?
1
What is the ten thousands digit of 3312455?
1
What is the units digit of 894859?
9
What is the hundreds digit of 10037565?
5
What is the hundred thousands digit of 2019250?
0
What is the hundred thousands digit of 105383?
1
What is the ten thousands digit of 183920?
8
What is the hundreds digit of 168022?
0
What is the hundred thousands digit of 3338481?
3
What is the hundreds digit of 406482?
4
What is the hundreds digit of 3074201?
2
What is the thousands digit of 218216?
8
What is the thousands digit of 589101?
9
What is the hundred thousands digit of 213042?
2
What is the millions digit of 1129944?
1
What is the ten millions digit of 10726529?
1
What is the hundreds digit of 1677756?
7
What is the hundreds digit of 59181?
1
What is the hundreds digit of 9727466?
4
What is the hundred thousands digit of 27620440?
6
What is the hundreds digit of 19899480?
4
What is the hundred thousands digit of 30010247?
0
What is the te